e remainder when 1037551 is divided by 821?
628
What is the remainder when 230463 is divided by 113?
56
Calculate the remainder when 1214981 is divided by 351.
170
Calculate the remainder when 304129664 is divided by 105.
104
What is the remainder when 96329 is divided by 7372?
493
Calculate the remainder when 451664 is divided by 168.
80
Calculate the remainder when 282985 is divided by 56597.
0
What is the remainder when 196426 is divided by 19632?
106
Calculate the remainder when 94571 is divided by 23636.
27
Calculate the remainder when 670950 is divided by 574.
518
What is the remainder when 1207271 is divided by 595?
16
What is the remainder when 7809340 is divided by 26118?
58
Calculate the remainder when 4906 is divided by 1209.
70
What is the remainder when 43586 is divided by 43547?
39
What is the remainder when 189674844 is divided by 58?
54
What is the remainder when 323606 is divided by 80835?
266
What is the remainder when 1865166 is divided by 9?
6
Calculate the remainder when 712982 is divided by 2180.
122
What is the remainder when 181368 is divided by 60219?
711
What is the remainder when 6361180 is divided by 499?
427
Calculate the remainder when 529677 is divided by 528255.
1422
What is the remainder when 54721774 is divided by 73452?
34
Calculate the remainder when 675927 is divided by 399.
21
What is the remainder when 22769 is divided by 21855?
914
Calculate the remainder when 96300204 is divided by 34.
32
What is the remainder when 663783273 is divided by 85?
83
Calculate the remainder when 1523561 is divided by 253.
248
Calculate the remainder when 209781965 is divided by 6.
5
What is the remainder when 108795958 is divided by 234?
232
Calculate the remainder when 751364 is divided by 9.
8
Calculate the remainder when 593608 is divided by 200.
8
Calculate the remainder when 38099165 is divided by 255699.
14
Calculate the remainder when 887919 is divided by 177573.
54
What is the remainder when 11838 is divided by 1328?
1214
What is the remainder when 259574 is divided by 105?
14
What is the remainder when 5710235 is divided by 2520?
2435
Calculate the remainder when 18704346 is divided by 6234772.
30
Calculate the remainder when 4090441 is divided by 45449.
31
Calculate the remainder when 13991 is divided by 13483.
508
Calculate the remainder when 1005646 is divided by 1005385.
261
What is the remainder when 8616048 is divided by 4989?
45
What is the remainder when 62719111 is divided by 29?
28
Calculate the remainder when 9661607 is divided by 1190.
1187
Calculate the remainder when 5309084 is divided by 1392.
1388
What is the remainder when 17778 is divided by 3741?
2814
What is the remainder when 34570 is divided by 1628?
382
Calculate the remainder when 16275991 is divided by 3036.
3031
What is the remainder when 13814896 is divided by 767490?
76
Calculate the remainder when 26018206 is divided by 2518.
2230
Calculate the remainder when 206391 is divided by 204777.
1614
What is the remainder when 108312694 is divided by 8?
6
What is the remainder when 2647517 is divided by 879?
848
What is the remainder when 1603447 is divided by 8762?
1
Calculate the remainder when 676442 is divided by 8351.
11
Calculate the remainder when 1839912 is divided by 13.
9
Calculate the remainder when 1675680 is divided by 608.
32
What is the remainder when 699642 is divided by 139926?
12
Calculate the remainder when 28278267 is divided by 2070.
2067
What is the remainder when 3618555 is divided by 880?
875
Calculate the remainder when 175274 is divided by 133.
113
What is the remainder when 7108421 is divided by 7907?
28
What is the remainder when 350707 is divided by 11313?
4
Calculate the remainder when 23138 is divided by 3707.
896
Calculate the remainder when 4877896 is divided by 284.
196
Calculate the remainder when 7662700 is divided by 337.
331
Calculate the remainder when 4475968 is divided by 478.
454
Calculate the remainder when 523594 is divided by 699.
43
Calculate the remainder when 147462 is divided by 9821.
147
Calculate the remainder when 182043 is divided by 181724.
319
What is the remainder when 108741097 is divided by 62?
41
What is the remainder when 1206376 is divided by 2457?
2446
Calculate the remainder when 672575 is divided by 4768.
287
Calculate the remainder when 3075275 is divided by 439321.
28
Calculate the remainder when 1510582 is divided by 234.
112
What is the remainder when 440161 is divided by 437?
102
Calculate the remainder when 15454732 is divided by 17.
15
Calculate the remainder when 666227 is divided by 9514.
247
Calculate the remainder when 1705446 is divided by 1691.
918
Calculate the remainder when 5250934 is divided by 1320.
1294
What is the remainder when 157760797 is divided by 30?
7
Calculate the remainder when 58702 is divided by 162.
58
Calculate the remainder when 3856894 is divided by 137744.
62
What is the remainder when 27102033 is divided by 40?
33
Calculate the remainder when 18146685 is divided by 3629335.
10
What is the remainder when 6512480 is divided by 159?
158
What is the remainder when 7975226 is divided by 202?
64
What is the remainder when 1106 is divided by 241?
142
Calculate the remainder when 21352749 is divided by 418.
55
Calculate the remainder when 755394 is divided by 27977.
15
What is the remainder when 66177621 is divided by 4309?
4308
What is the remainder when 925326395 is divided by 109?
107
What is the remainder when 18514583 is divided by 384?
23
Calculate the remainder when 4686884 is divided by 7511.
20
What is the remainder when 128253 is divided by 96?
93
Calculate the remainder when 26697 is divided by 2224.
9
What is the remainder when 203642591 is divided by 12?
11
Calculate the remainder when 6933906 is divided by 3188.
6
Calculate the remainder when 400775 is divided by 885.
755
What is the remainder when 11346566 is divided by 2289?
2282
Calculate the remainder when 236738 is divided by 115095.
6548
Calculate the remainder when 11236 is divided by 3631.
343
What is the remainder when 29234 is divided by 84?
2
Calculate the remainder when 659277 is divided by 56.
45
Calculate the remainder when 11883 is divided by 611.
274
Calculate the remainder when 157428 is divided by 78638.
152
Calculate the remainder when 76929 is divided by 9440.
1409
What is the remainder when 201089 is divided by 1289?
5
What is the remainder when 221414 is divided by 1467?
1364
What is the remainder when 77588 is divided by 38658?
272
What is the remainder when 1161830 is divided by 16?
6
What is the remainder when 244942 is divided by 31?
11
Calculate the remainder when 13894850 is divided by 437.
435
Calculate the remainder when 69055 is divided by 1965.
280
What is the remainder when 106493 is divided by 670?
633
Calculate the remainder when 82959917 is divided by 20739974.
21
What is the remainder when 157110 is divided by 3019?
122
Calculate the remainder when 32788153 is divided by 29.
28
Calculate the remainder when 628855 is divided by 44913.
73
What is the remainder when 1279682 is divided by 255934?
12
What is the remainder when 1448759 is divided by 423?
407
Calculate the remainder when 247557 is divided by 324.
21
What is the remainder when 96974112 is divided by 29?
26
What is the remainder when 18319174 is divided by 6030?
34
What is the remainder when 1137612712 is divided by 8483?
8480
What is the remainder when 2807650 is divided by 133692?
118
Calculate the remainder when 31723 is divided by 6335.
48
Calculate the remainder when 135806 is divided by 6376.
1910
What is the remainder when 13254683 is divided by 415?
413
What is the remainder when 160332219 is divided by 57?
54
Calculate the remainder when 20955 is divided by 3490.
15
Calculate the remainder when 347321 is divided by 5166.
1199
What is the remainder when 1159288 is divided by 579614?
60
What is the remainder when 707771 is divided by 707677?
94
Calculate the remainder when 32701 is divided by 3969.
949
What is the remainder when 234077471 is divided by 158?
155
What is the remainder when 91728 is divided by 8190?
1638
What is the remainder when 10458663 is divided by 102?
93
What is the remainder when 25659 is divided by 114?
9
Calculate the remainder when 1240825 is divided by 293.
2